6 + -7 - (-2 + -7).
8
What is 9 - (1 + -6 + 7)?
7
What is -5 + -8 + (-10 - -32)?
9
What is 3 + (-1 - (-1 + 4))?
-1
Calculate 2 + -2 + 1 + -2 + -2.
-3
What is the value of -7 + 5 + 4 + -4 + 0?
-2
Calculate 3 + -18 + 4 + -1 + 8.
-4
What is the value of (1 - 3) + -1 + -1?
-4
What is (-2 - 0) + 3 + (-2 - -2)?
1
What is the value of (-11 - (-5 - 3)) + (-3 - -2)?
-4
What is (3 + 2 - 2) + (1 - 1)?
3
152 - 156 - (0 + -3)
-1
Calculate (-1 - -1) + 2 - -1.
3
What is -1 + 4 + -2 + -4?
-3
Calculate -2 + (5 - -1) + -5.
-1
What is the value of -3 + 8 - 0 - (8 - 0)?
-3
Evaluate (-2 - -4) + -2 + -1.
-1
-4 + -7 + 4 - (-4 - -2)
-5
What is -2 + 1 + (6 - 0) + -7?
-2
Calculate -5 + 3 - ((-1 - -3) + -1).
-3
What is (8 + -5 - 3) + 4?
4
What is 2 + 0 - (-33 - -29)?
6
(3 - (8 + -4 + 1)) + 5
3
What is -4 + (-5 - -12) + -4?
-1
What is the value of 19 + -16 - (2 + 0)?
1
Calculate (-1 - 0) + -1 + 0 + 7.
5
What is -6 - (-5 - -2 - (4 + -3))?
-2
Calculate (-5 - -2) + -2 - -3 - -1.
-1
90 + -84 - (-1 - 2)
9
What is 4 + (3 + -10 - -3)?
0
What is 3 + (8 + -4 - 5)?
2
What is 6 + 11 + -12 - 1?
4
Calculate -6 + 11 + -7 + 4 - 5.
-3
What is (4 - (2 - -7) - -1) + 0?
-4
What is -7 - (-7 - (-3 + 2 + -1))?
-2
Evaluate -3 + (-1 - -11) + -3.
4
What is the value of (12 - (2 + 8)) + 0?
2
Calculate -76 - -90 - (0 - -8).
6
What is the value of (-7 - (-2 - 2 - 2)) + 3?
2
What is the value of -2 + -1 + -2 + 11 + -2?
4
What is 2 - ((-2 - -3) + (6 - 5))?
0
Calculate (3 - (3 + -3)) + 21 + -29.
-5
What is 2 + -12 - -10 - 8?
-8
(-1 - 0) + (5 - (-3 + 7))
0
What is the value of -1 - 1 - (-100 + 103)?
-5
Calculate -3 + (0 - (-1 - (-5 + 2))).
-5
What is -1 - (-3 - (3 + -1))?
4
(2 - (7 + 0)) + 4
-1
Evaluate -3 + (6 - 9) + 4.
-2
0 - (-1 - (-1 + 0))
0
Evaluate -7 + 7 + 1 + -5 + 0.
-4
Calculate -9 - (-17 - -11) - -10.
7
(1 - (0 + -3 + 7)) + -2
-5
Calculate (5 - (9 + -5)) + 4.
5
Calculate -7 - ((7 - 22) + 8).
0
What is the value of 0 + (-4 - (1 - 7))?
2
Calculate 2 - (-15 - -11) - 10.
-4
1 + -1 + 14 + -15
-1
-5 - (-1 + (3 - 4))
-3
What is (4 + 6 - 3) + 0 + -6?
1
What is -9 - (39 + -40 - (2 - 1))?
-7
What is 0 + -4 + 2 + -3?
-5
Calculate 35 + -42 - (2 + -9).
0
Evaluate -12 + (-2 - -9) - 5.
-10
What is the value of 4 - (4 + 11 + -5)?
-6
Evaluate 4 - (-1 - (2 + 0) - -6).
1
Calculate (-1 - 4) + (-5 - -6) + 3.
-1
What is 1 - 2 - (7 - 5)?
-3
Evaluate (10 - 0) + 0 + 9 + -13.
6
8 - (5 + 3 + -8 - -5)
3
What is (34 - 40) + 2 + -1?
-5
Calculate -9 - 10 - (-4 - 1) - -4.
-10
What is the value of -5 + -2 + 2 + 0 + 6?
1
0 + -4 + (-15 - (5 - 16))
-8
What is (2 - 8) + -5 + 9 + 6?
4
What is 12 + -8 + -12 + 4 + -2?
-6
What is the value of -15 + 0 + 12 + -5?
-8
What is 1 + -4 + (3 - -1 - 3)?
-2
What is -1 + -3 - 2 - -5?
-1
What is -2 + 7 - (0 - -3)?
2
-6 - -1 - (-5 + 0)
0
Calculate -6 - (-16 - (-7 + -1)).
2
Evaluate -3 + 3 + -4 - -8.
4
What is 3 - (-18 + 8 + 10)?
3
7 - (1 - (4 + (-6 - 0)))
4
What is 9 + 1 - (101 + -96)?
5
Evaluate -4 - (-8 + 3 + 3).
-2
What is the value of 4 - (9 + -11 + 4)?
2
What is the value of -9 + (-12 - -27) - (2 - 0)?
4
Evaluate (2 - 5 - -3) + 2.
2
What is the value of 2 + 1 + 2 + -8?
-3
What is the value of -4 - 0 - (6 + -7)?
-3
Evaluate 2 - (0 + -10 + 17).
-5
What is the value of (10 - 23) + (-4 - -18)?
1
Calculate (5 - (-2 - -1)) + -179 + 174.
1
What is the value of -3 - -1 - 3 - (38 - 45)?
2
-9 + (12 - 5 - 2)
-4
Calculate -13 - -4 - -15 - (0 - -11).
-5
What is the value of 2 + 0 + -2 + -3?
-3
What is -9 + 14 - (2 + 2)?
1
What is (-10 - -2) + 15 + -10 - 2?
-5
Calculate 11 - ((0 - 9) + 14).
6
What is the value of (5 - 1) + 5 + -3 + -4?
2
Evaluate 8 + (8 - (12 + 3)).
1
-8 + (-3 - 2) + 19
6
What is the value of -5 + -9 + 17 - 2?
1
What is the value of 4 - (2 + 5 - 3) - 3?
-3
Evaluate 3 - ((10 - 4) + -5 - 4).
6
What is the value of -1 + (-3 - -7) - (11 - 8)?
0
What is the value of -2 + 1 - 0 - (-2 - 0)?
1
Calculate -6 + 8 + (-2 - 5) + 7.
2
Evaluate -11 + -8 + (13 - -2).
-4
Evaluate 0 + 1 - -5 - 10.
-4
7 - (7 + (-3 - 3)) - 1
5
(-6 - -1 - -2) + (118 - 107)
8
Evaluate 3 - -2 - (-7 + 8).
4
Calculate -1 - (-7 + 4 - 2).
4
2 - (3 - 0 - (1 - 4))
-4
4 - (8 + -1 + 19 + -20)
-2
What is the value of 1 + -2 - (14 + -14)?
-1
What is 18 - 5 - (3 - -18)?
-8
Calculate 8 - ((-10 - -13) + 0).
5
Calculate -2 + 2 - (-1 - 2 - 2).
5
Evaluate 7 - (3 + -1 - (9 + -9)).
5
What is the value of 19 + -23 + (4 - -2) - 5?
-3
What is -27 + 18 + (1 - -8)?
0
What is the value of (-1 - (-5 - -8)) + (0 - -1)?
-3
-6 + -3 + -9 + 19
1
What is -2 - (2 + (2 - 3) + -4)?
1
Evaluate -7 + 2 + 3 - -2.
0
Calculate 2 - (6 + -4 + -1 - 0).
1
What is the value of 3 - (1 - -7 - 3)?
-2
What is (-1 - -8) + (1 - -8 - 13)?
3
Calculate 79 + -64 - (-2 + 10).
7
Evaluate 1 - -4 - 3 - 5.
-3
-8 + 4 - (4 + (2 - 0))
-10
Evaluate -9 + (-4 - -9 - 1).
-5
Evaluate 4 + (-10 - (-3 - -1)).
-4
What is the value of 12 - 33 - -14 - (1 + 0)?
-8
What is the value of -20 + 17 + (2 + 0 - -6)?
5
What is the value of -5 - (-4 + -5 - -5 - 1)?
0
What is -10 - ((-1 - 6) + 3)?
-6
Evaluate 3 + (-4 - (-7 - 0)).
6
What is -10 - -20 - (-4 + 9)?
5
What is the value of 5 - 1 - (-6 + 16 + -12)?
6
What is the value of -2 - (-1 - (4 + -5 + 2))?
0
Calculate (0 - (-6 - 4)) + -4.
6
What is -5 + -5 + 1 + 5?
-4
Evaluate 2 + (3 - -1) - (3 - 2).
5
What is the value of (6 - (-3 + 7)) + 1 + 2?
5
Calculate (-2 + (4 - -4) - 4) + 3.
5
Calculate 3 + (-4 - -1 - 1) - -3.
2
Calculate -2 + 3 - (-13 - -11).
3
(-2 - 2 - -4 - 11) + 6
-5
Calculate 4 + -10 + (3 - -4).
1
Evaluate -5 + (-4 - -2) + 3.
-4
Evaluate (12 - -1) + -67 + 60.
6
What is the value of -4 + (4 + 0 + -9 - -5)?
-4
What is the value of 5 + -4 + (-4 - -1) + -1?
-3
What is 3 - (2 + 6) - (-1 + -1)?
-3
What is the value of (10 - 13) + -10 + 10?
-3
What is 8 + -4 - 8 - -8 - 6?
-2
What is the value of 0 - (12 - 13) - (8 + -2)?
-5
0 + -6 + (5 - -1)
0
What is the value of (-1 + 2 - 1) + -3 + 4?
1
Evaluate (1 + -5 - -4) + 0 - -2.
2
Calculate -9 + (-1 - -1) + 17.
8
Evaluate 3 - (-8 + 10 + 5).
-4
Evaluate -4 + (5 - ((1 - 6) + 12)).
-6
Evaluate 1 + 4 + -5 + 0 + -4.
-4
What is the value of 9 + (-7 - -8) - 4?
6
Calculate (-35 - -31) + 1 + -4.
-7
Calculate -5 + (2 - (11 - 7 - 9)).
2
Calculate (-1 - -2) + -4 + 4.
1
What is the value of -13 - (-7 - ((-2 - 0) + 2))?
-6
0 + 0 + 1 + -6 + 7
2
(-2 - -4) + 0 + -10 + 12
4
3 + -4 + (-4 - -3 - -4)
2
What is -7 + 4 + 8 + -6 + 2?
1
Calculate -14 + 13 - (1 + -3 + 4).
-3
5 + (-6 - -8 - 2)
5
Evaluate -2 + (-2 - -1) - -1.
-2
What is 15 + -5 + -2 + -1 + -3?
4
What is the value of 3 + 7 + -10 + 7?
7
What is the value of (4 - 2) + 3 + (2 - 3)?
4
Evaluate (5 - ((5 - -4) + 1)) + 3.
-2
-8 + (5 - -4) + -6
-5
6 + -6 + 4 - (-7 - -12)
-1
Evaluate 21 + -11 + (-5 - -2).
7
What is (-13 - -12 - (1 + -7)) + 1?
6
(3 + -5 - -7) + 2 + 1
8
Evaluate -6 + -2 + 19 + -4.
7
What is the value of -4 + -2 + 7 + -4?
-3
-4 + (-6 - -3) + -8 + 11
-4
Calculate -1 - (-1 + (-15 - -9)).
6
Calculate 3 + (-3 - (-5 + 6)).
-1
(-4 - (1 - -2)) + 13
6
What is the value of 8 - 8 - (-2 + 0)?
2
What is the value of (-4 + -1 - 2) + -66 + 67?
-6
Evaluate 6 - 12 - (-11 + 1).
4
What is the value of (-5 + 8 - 6) + -1?
-4
What is (-4 - 1) + 0 - 1?
-6
What is the value of 1 + (8 - (5 - (5 - 5)))?
4
What is the value of -6 + 2 + 6 - -2 - 4?
0
Evaluate -1 + -1 + 5 + (1 - 1).
3
-5 - (-1 + -1 + -6)
3
Evaluate 0 + 0 + (66 - 61).
5
Calculate 1 - (5 + (-6 - (-9 + 4))).
-3
What is 6 + (3 - 8) - (1 - 0)?
0
Calculate -5 - ((5 - (3 - -2)) + -5).
0
Calculate (0 - -4 - (30 - 36)) + -7.
3
What is 0 + 0 - ((-1 - -5) + 1)?
-5
-2 + 2 - (-11 - -16 - -4)
-9
12 - (-6 + 10) - 5
3
What is -5 - (-7 - 3) - 9?
-4
(1 - 6) + -2 - -13
6
What is the value of 2 - (-1 + 1 + (-5 - -5))?
2
What is the value of (-328 - -313) + -2 + 0 + 10?
-7
What is the value of 3 + -1 - (0 + 0 + 2)?
0
2 - (7 + 4 - 8)
-1
(3 - 4 - 1) + 3
1
Evaluate 2 + (1 - 0 - -4) + -4.
3
Calculate (-2 - 3 - -7) + -7.
-5
Evaluate 7 + 3 + (-13 - -11).
8
Calculate 2 - (-2 - 1) - 3.
2
What is the value of 0 + 0 + 5 + 0?
5
What is the value of 1 + (-2 - -3) - 1?
1
2 + 6 + (-1 - 2) + -1
4
Calculate 24 + -18 + 1 + 0.
7
Calculate (1 - 2 - (-4 + 6)) + 2.
-1
What is the value of 0 + (-3 - -5 - 1) + 4?
5
9 - (27 - (15 - 4))
-7
What is the value of (8 + -3 - 11) + 2 + 1?
-3
What is (5 - (-6 + 9)) + -1 + 0?
1
What is the value of 0 - 11 - (-172 - -166)?
-5
1 +